Calculate the remainder when f(-9) is divided by g.
22
Let d = 9574 + -9501. What is the remainder when 358 is divided by d?
66
Let i(s) = 2*s**2 + 8*s - 6. Let w(k) = 124*k - 117. Let q be w(1). Suppose q*y + 10*y = 2737. What is the remainder when y is divided by i(-6)?
17
Let t(g) = -g**3 - 10*g**2 - 11*g - 2. Let l be t(-9). Suppose -2 = -3*h + l. Let d(b) = b + 11. What is the remainder when d(h) is divided by 10?
7
Suppose 4058 = 79*u - 4259 - 9695. Let r(q) = -q**3 + 3*q**2 + 4*q + 3. Let w be r(4). Suppose w*v + 92 = 5*v. What is the remainder when u is divided by v?
44
Suppose -f + 91 + 43 = -337. What is the remainder when f is divided by 15?
6
What is the remainder when ((-2)/27)/(-1) - 289119/6885*-10 is divided by 36?
24
Suppose -4*u = -k - 244, 5*k - 2*u = 2*u - 1220. Let r = 279 + k. What is the remainder when 124 is divided by r?
19
Let r = 42267 + -41612. Calculate the remainder when r is divided by 196.
67
Let k(w) = w**3 + 2*w**2 + 3*w + 54. Let h(c) = c**3 + 23*c**2 + 22*c. Let y be h(-22). Calculate the remainder when k(y) is divided by 14.
12
Suppose -170 = -3*h - 2*h. Let y = -15594 - -15933. Calculate the remainder when y is divided by h.
33
Suppose 10*x = 5*x + 125. Let u = x - 22. Suppose -237 = -u*i - 81. What is the remainder when i is divided by 9?
7
Let v be 5/(1 - (-42)/(-39)). Let r = v - -83. Calculate the remainder when r is divided by 10.
8
Suppose -4*v - 5*p + 698 = -0*v, -p = 6. Calculate the remainder when 870 is divided by v.
142
Let r be 14/6 + 14/(13 - 55). Suppose r*u - 191 = 115. Calculate the remainder when u is divided by 31.
29
Let g(k) = -4*k + 145. Suppose 16 - 6 = -5*i. Calculate the remainder when g(28) is divided by (180/8 - 4) + i/4.
15
Let h(d) = -20*d + 68. What is the remainder when (-3)/((-12)/296) + 4 is divided by h(3)?
6
Let v = -3605 - -3919. Calculate the remainder when v is divided by 10.
4
Suppose 2*z + 0 = -h + 11, 32 = 4*h + 5*z. Suppose -h*l = 2*l - 250. Suppose -u = t + 2*u - 6, -5*t + 5*u = -l. What is the remainder when 19 is divided by t?
1
Let y = 6528 - 3818. What is the remainder when y is divided by 34?
24
Let d(o) = 4*o + 22 - 8*o - o**2 + 39. What is the remainder when d(0) is divided by 16?
13
Let d(a) = 2*a**2 + 67*a + 563. Calculate the remainder when 80 is divided by d(-17).
0
Let y = -46 + 48. Suppose 5*g = 3*m - 548, 3*m + y*g + 2*g = 593. Calculate the remainder when m is divided by 15.
11
Let o(y) = -y**3 - 9*y**2 + 11*y + 6. Let z be o(-10). Suppose 13*v - 2495 = -493. Calculate the remainder when v is divided by -3 - z - -10*3.
30
Let n(o) = 2*o + 7. Let w be n(-2). Suppose w*l = -a + 15, 5*l + 2*a = 5*a + 11. Let i = 46 + -31. Calculate the remainder when i is divided by l.
3
Let q = 3510 + -3450. What is the remainder when 177 is divided by q?
57
Suppose 38 = -5*b - 3*j - 150, -b - 3*j = 28. Let y = 82 + b. Calculate the remainder when y is divided by 11/((-792)/27) + 1/8*91.
9
Suppose 2198 = 15*h + 44498. Let r be h/(-16) + 2/(-8). Suppose -18*w - r = -22*w. Calculate the remainder when 173 is divided by w.
41
Let q = 31 - 21. Let g be (-4 - (-48)/(-10))*q. What is the remainder when g/(-6) - 7/(-21) is divided by 6?
3
Suppose -12137 = -38*u - 1535. Suppose -w - 2*h - 8 = -26, -h = 4*w - 107. What is the remainder when u is divided by w?
27
Suppose -5*c + 199 = 3*o - 5*o, 3*c - 125 = 4*o. Calculate the remainder when ((-13)/c)/(2/(-636)) is divided by 44.
18
Let x = -48 - -61. Suppose -4*w - 5*j = x, -2*j - 10 + 0 = 0. Suppose 2 = 5*c - 4*a - 68, -5*a - 55 = -w*c. Calculate the remainder when 37 is divided by c.
7
Let q = 2 - -75. Let t = 7 + q. Calculate the remainder when t is divided by 30.
24
Let c = -2845 + 3078. Calculate the remainder when c is divided by 127.
106
Suppose 3*i + 5*k - 1659 = 0, -10*k + 6*k = -2*i + 1106. Calculate the remainder when i is divided by 20.
13
Suppose a + f = 19, -5*a + 4*f - f = -79. What is the remainder when 11 is divided by 34/68 - a/(-2)?
2
What is the remainder when 96 is divided by (4/8)/(13 + 6852/(-528))?
8
Let w be (16/(-5))/((-30)/2325). Suppose 81 + w = 2*k - 3*d, -4*k + 3*d = -649. What is the remainder when k is divided by 18?
16
Suppose 0 = -3*p + y + 1216, 2*y = 24*p - 23*p - 402. Calculate the remainder when p is divided by 51.
49
Let z = 38 + -23. Let s = 111 + -108. Suppose -s*o - 2*d + z = d, -19 = -2*o + d. What is the remainder when 26 is divided by o?
2
Let w(o) = 19*o**2 + o. Let m be w(4). Let r = m - 153. Suppose 0 = -4*t + 5*u + 72 + 2, -5*t - 3*u + 148 = 0. Calculate the remainder when r is divided by t.
25
Let b(i) = -46*i - 4. Let t be b(-7). Suppose 3*u = u + t. Let c = u - 113. What is the remainder when c is divided by 12?
10
Let z be -11 - (-16)/((-4)/1). Let w = z - -23. Let m = 320 - 307. What is the remainder when m is divided by w?
5
Let q = 6 - 3. Suppose 4*w = 3*w - q*r + 27, -4*w = 5*r - 136. Suppose -4*o = o - 70. Calculate the remainder when w is divided by o.
11
Suppose 3*p = 4*w + 52 + 118, 5*w = -25. Suppose 17*x - 19*x = -p. What is the remainder when 97 is divided by x?
22
Let j = -84 + 99. Suppose 1128 = 9*i + j*i. What is the remainder when 233 is divided by i?
45
Let a = -425 + 451. Suppose 1175 = a*w - 775. Calculate the remainder when w is divided by 16.
11
Calculate the remainder when 139 is divided by (102/(-119))/(6/(-14))*(-26)/(-4).
9
Let o(h) = -83*h + 101. Calculate the remainder when -1*4*1790/(-20) is divided by o(1).
16
Calculate the remainder when 7203372/990 + 8/(-60) is divided by 29.
26
Let q(g) = -g**3 + 7*g + 25*g**2 - 37 + 9*g - 14*g. What is the remainder when (161/(-35))/(3/(-15)) is divided by q(25)?
10
Suppose 0 = 7*c - 82 + 19. What is the remainder when 69 is divided by c?
6
Suppose -26*y + 107 = -361. Let p(i) = -i**3 + 17*i**2 + 23*i + 31. Calculate the remainder when p(y) is divided by 18.
13
What is the remainder when 565 is divided by 13/((-624)/512)*-6?
53
Let f = -16460 + 16469. Calculate the remainder when 1239 is divided by f.
6
Suppose 0 = 2*a + y - 6410, -121*a = -123*a - 5*y + 6394. Calculate the remainder when a is divided by 44.
39
Let v be (-16)/40 - (-24)/10. Suppose -x - 212 = -3*y, 2*y - 167 = v*x - 19. Calculate the remainder when y is divided by 24.
21
Let c(f) = -3*f**2 - 5*f - 10. Let g(v) = 2*v**2 + 3*v + 5. Let x(j) = -3*c(j) - 5*g(j). Let n = -3 + 3. What is the remainder when 23 is divided by x(n)?
3
Suppose 9 = 3*b, y - b + 3 = b. Suppose -13*o = -p - 8*o + 1893, -7657 = -4*p + y*o. Calculate the remainder when p is divided by 20.
18
Suppose -80*z + 6911 - 7030 = -16919. What is the remainder when 2111 is divided by z?
11
Let j(w) be the first derivative of -w**3/3 - 7*w**2/2 + 12*w - 17. Let m be j(-8). Suppose -m*c = -69 - 39. What is the remainder when c is divided by 12?
3
Let y = 2270 + -2185. What is the remainder when y is divided by 84?
1
Let v(o) = o**2 + 16*o - 33. Let r be v(-22). Suppose -6*b - 3*b - r = 0. Calculate the remainder when 40 is divided by (3 - 0) + 2/((-2)/b).
12
Calculate the remainder when 347 is divided by ((-155)/(-62))/((-121)/122 - -1).
42
Suppose 0 = -9*g - 25*g + 21114. Suppose -11*s + 4142 + g = 0. What is the remainder when s is divided by 29?
27
Let b = -3613 + 3618. Suppose 0 = 4*x + x + 4*m - 137, 0 = -3*x - 3*m + 81. Calculate the remainder when x is divided by b.
4
Let h be 4/(-44) + 10166/22. Let y = h - 453. Suppose -d + 1 + 2 = 0, l - 51 = -3*d. What is the remainder when l is divided by y?
6
Suppose v = -v + 108. Suppose 5*x + 2*p + 20 = 5*p, 3*x = p - 8. What is the remainder when v is divided by 2/x - -17 - -6?
12
Let a(r) = -2*r**3 + 291*r**2 - 77*r + 800. Calculate the remainder when a(145) is divided by 3551.
7
Suppose 43 = 5*n - 22. Suppose -n + 1 = -2*o. Suppose 4*s - o = 66. Calculate the remainder when s is divided by 10.
8
Suppose 3*i = 0, 4*m - 39 = m + 4*i. What is the remainder when 671 is divided by m?
8
Suppose 6 = 8*j - 10. Suppose 0 = -5*d + 2*b + 169, 6*b + 58 = 2*d + j*b. Let q(y) = -15*y + 7. What is the remainder when q(-4) is divided by d?
32
Let g = -28437 - -40359. What is the remainder when g is divided by 178?
174
Let b = -196 + 76. Let r = 102 + b. What is the remainder when 17 is divided by (r/63)/((-1)/35)?
7
Let r be 11/1*5 - 1. Suppose -60 =